what is -12 - 733747746?
-733747760
In base 4, what is 2211 + -1212201?
-1203330
In base 10, what is 150 + 715515?
715665
In base 3, what is -120001 - 2001212011?
-2002102012
In base 14, what is -317448 - -1?
-317447
In base 11, what is -34252 - 0?
-34252
In base 4, what is 1030 + 131000231?
131001321
In base 8, what is 25263344 - 40?
25263304
In base 15, what is 153c15 + -37?
153bcd
In base 7, what is 52355520 - -2?
52355522
In base 3, what is 2011222011021202121 - -11?
2011222011021202202
In base 11, what is -18a61 + -397?
-19348
In base 13, what is -3816216 - -4?
-3816212
In base 10, what is -4692879 + 4?
-4692875
In base 12, what is 7 - -12467027?
12467032
In base 15, what is -45 - 904ea4?
-904ee9
In base 7, what is -6633326 - -322?
-6633004
In base 3, what is -12 - 1120001002202022?
-1120001002202111
In base 5, what is -3 - -1020013340441?
1020013340433
In base 3, what is 1102200 + -11111012201?
-11102210001
In base 15, what is 8a6 - 221e9?
-21843
In base 11, what is 57 - -122560a?
1225666
In base 4, what is 100312 - -133110?
300022
In base 4, what is -3 + 1220302213?
1220302210
In base 9, what is 4032 + 206333?
211365
In base 13, what is -6accab4 - -1?
-6accab3
In base 9, what is -6331 + -63668?
-71110
In base 11, what is 5 - 21217943?
-21217939
In base 4, what is 121101000013 - -1332?
121101002011
In base 3, what is -122 + 2111011100?
2111010201
In base 11, what is 278 + -139a916?
-139a649
In base 4, what is -303212101221 - -11?
-303212101210
In base 7, what is -414166 - -1420?
-412446
In base 16, what is 19beff - 6?
19bef9
In base 7, what is 1161514416 + 5?
1161514424
In base 13, what is -7437 + -22?
-7459
In base 10, what is 4934974 + 11?
4934985
In base 15, what is 500 + -3c46?
-3746
In base 2, what is 1011110 + 100100110111110?
100101000011100
In base 12, what is -2818b + -4b?
-2821a
In base 8, what is 613067435 - 2?
613067433
In base 15, what is 28a39e + -11?
28a38d
In base 9, what is -5463513 - -4?
-5463508
In base 4, what is -21013 + 1112011?
1030332
In base 14, what is -4 + -16a533ad?
-16a533b3
In base 3, what is 122011100021 + -111?
122011022210
In base 6, what is 3 + 3332235330?
3332235333
In base 3, what is -2 + -100102202121121001?
-100102202121121010
In base 2, what is 1110000001 - -1000110010010?
1010100010011
In base 8, what is 1 - -6271551?
6271552
In base 3, what is -112020220111 + 212022?
-112020001012
In base 16, what is 2 - c77bd?
-c77bb
In base 4, what is 10 + 233320001031?
233320001101
In base 2, what is 10101000100000111110101 - 1011?
10101000100000111101010
In base 7, what is 2542 - -22324?
25166
In base 15, what is c741 - 6db?
c055
In base 12, what is 295aa + 659?
2a047
In base 16, what is -24e + -2fc8?
-3216
In base 10, what is -342161 - 26?
-342187
In base 16, what is -65 + -14313d?
-1431a2
In base 13, what is -c5a4cb - 6?
-c5a504
In base 12, what is 3a385760 - -4?
3a385764
In base 7, what is -46245 - -51?
-46164
In base 13, what is -c843242 - -4?
-c84323b
In base 11, what is -2 + -11a20?
-11a22
In base 11, what is -5 - 617375?
-61737a
In base 12, what is 4145 + -20?
4125
In base 9, what is -80678487 - 3?
-80678501
In base 7, what is -2010 + -1450?
-3460
In base 14, what is -43ccc20 + -8?
-43ccc28
In base 8, what is -134 - -14022175?
14022041
In base 16, what is -4fa294 + -2?
-4fa296
In base 3, what is -2002 + -121202021100?
-121202100102
In base 7, what is -234606 + 152?
-234424
In base 5, what is 3302223323 - -100?
3302223423
In base 16, what is -2 - 1dee9ed?
-1dee9ef
In base 5, what is -1431144 - 2442?
-1434141
In base 7, what is 2361160 + 603?
2362063
In base 11, what is -14 + -1326732?
-1326746
In base 3, what is -111001 - 210011001021?
-210011112022
In base 15, what is -114684 + 198?
-1144db
In base 7, what is -111 + -310230?
-310341
In base 7, what is -62 + -16521355?
-16521450
In base 14, what is -bb8 - 2614?
-33cc
In base 13, what is -7b + 7394b?
738a0
In base 14, what is -4a + 12c2493?
12c2447
In base 9, what is 8181302 + 6?
8181308
In base 3, what is -112012101020 + 1000?
-112012100020
In base 6, what is -3 + 1220435450?
1220435443
In base 12, what is -22a2 - 41710?
-439b2
In base 12, what is 12449 - 48?
12401
In base 7, what is 53116 + 20633?
104052
In base 14, what is -34d0 - 37b?
-386b
In base 14, what is -b09 + -10b59?
-11864
In base 11, what is -5 - 9760951?
-9760956
In base 15, what is -2418 - 147b?
-3894
In base 11, what is 6 - -221a064?
221a06a
In base 11, what is 190762 + 327?
190a89
In base 13, what is 3b024b + -70?
3b01ab
In base 8, what is -27 + -226176351?
-226176400
In base 8, what is -2 + 1253521603?
1253521601
In base 14, what is d11970 + -3?
d1196b
In base 16, what is 92ba0 + -f?
92b91
In base 4, what is 12220331 + -3300?
12211031
In base 3, what is 1210121 - -100011010?
101221201
In base 3, what is -111021022 - -1202011221?
1020220122
In base 9, what is -1804 + -2526?
-4431
In base 11, what is -3 + 75221345?
75221342
In base 11, what is -1709 + -11aa0?
-136a9
In base 2, what is 0 - -1100001111111111011000000?
1100001111111111011000000
In base 5, what is 10221221042 + 0?
10221221042
In base 2, what is 1011 + -10101111010011001111?
-10101111010011000100
In base 16, what is -48a8dbc4 - 4?
-48a8dbc8
In base 2, what is 1100010111 + 101101010000?
111001100111
In base 2, what is -10100011 + -1000011111010?
-1000110011101
In base 6, what is 131 - -144311135?
144311310
In base 9, what is 554701 - -160?
554861
In base 4, what is 12211020212 + 1?
12211020213
In base 8, what is 3232001653 + 1?
3232001654
In base 6, what is -142323 - 14002?
-200325
In base 3, what is -11110220 - -1021220?
-10012000
In base 4, what is -1321232300 + -3033?
-1321301333
In base 11, what is 57722559 + -6?
57722553
In base 3, what is -12 - 1120200222121201?
-1120200222121220
In base 4, what is -2221111300 - 20?
-2221111320
In base 7, what is 1246323135 - 1?
1246323134
In base 14, what is -32c7165 + -1?
-32c7166
In base 7, what is 5 + 563212562?
563212600
In base 6, what is 5 + 5525115103?
5525115112
In base 2, what is 100000011101 - -10011010011?
110011110000
In base 8, what is -312 + 45432?
45120
In base 15, what is 4 + 243a3e3?
243a3e7
In base 9, what is 12584 - 1605?
10878
In base 3, what is -20101120120 - -1022202?
-20100020211
In base 13, what is -30 - -b90947?
b90917
In base 16, what is 1874 - 55f9?
-3d85
In base 9, what is 188070085 - 1?
188070084
In base 2, what is -11111101100100001010101 - 1?
-11111101100100001010110
In base 4, what is 20130320321 - -3?
20130320330
In base 15, what is 869aa + 2a?
869d5
In base 3, what is 0 + 1021122012022?
1021122012022
In base 6, what is -4 + -204542154?
-204542202
In base 3, what is -12112102 + -101202110222?
-101222000101
In base 12, what is -555b - -12400?
8a61
In base 13, what is 49b00a09 - -3?
49b00a0c
In base 14, what is -2a13bb - 3?
-2a13c0
In base 14, what is -3d2926d - -10?
-3d2925d
In base 14, what is 140 - -37141?
37281
In base 13, what is -23395 - 14?
-233a9
In base 4, what is -3 - 202022123211?
-202022123220
In base 14, what is -4 - a4b73d?
-a4b743
In base 9, what is -1671106 + 202?
-1670804
In base 10, what is 817595 + -5?
817590
In base 11, what is 333496 + 102?
333598
In base 15, what is -5e8c1 - -31?
-5e890
In base 14, what is 3 - 1056db7?
-1056db4
In base 13, what is -404 - 87426?
-8782a
In base 7, what is 633343 + 603?
634246
In base 2, what is 11111001 - -11001101110100?
11010001101101
In base 13, what is -14473b - -51?
-1446ba
In base 3, what is -11 - 12100221010110?
-12100221010121
In base 4, what is -1 + 1303311312?
1303311311
In base 11, what is 26706 + -7727?
19a8a
In base 13, what is -3689 - -1137?
-2552
In base 12, what is 6a8b - -384?
7253
In base 5, what is 3 - 2011220401?
-2011220343
In base 3, what is -10120 - -210120120021?
210120102201
In base 12, what is 6 - 817b6?
-817b0
In base 15, what is 116a61 + 49?
116aaa
In base 16, what is -118d08ea - 1?
-118d08eb
In base 13, what is -977656 - 1c?
-977675
In base 9, what is -246858 + -16?
-246875
In base 15, what is 29aa - d11?
1b99
In base 5, what is -3423101 + -21110?
-3444211
In base 12, what is -260 - -1b94?
1934
In base 2, what is 10110101101110101110 + 11000101?
10110101110001110011
In base 7, what is 36 - 22401322?
-22401253
In base 12, what is 819 + b327?
bb44
In base 13, what is -1530